{"id":62,"date":"2020-07-01T09:00:22","date_gmt":"2020-07-01T09:00:22","guid":{"rendered":"http:\/\/geo-mint-grafik.de\/?page_id=62"},"modified":"2020-07-02T08:20:22","modified_gmt":"2020-07-02T08:20:22","slug":"logos","status":"publish","type":"page","link":"https:\/\/geo-mint-grafik.de\/?page_id=62","title":{"rendered":"Logos"},"content":{"rendered":"\n<p>Ein Logo \u2013 der Begriff ist abgeleitet vom  griechischen Begriff l\u00f3gos (\u03bb\u03cc\u03b3\u03bf\u03c2) \u2013 ist eine Bildmarke, eine Wortmarke oder eine Kombination daraus (Bild-Wort-Marke), die z. B. ein Unternehmen, einen Verein oder auch eine Privatperson repr\u00e4sentiert. Ein Logo steht f\u00fcr das Corporate Design und ist Teil der Corporate Identity.  Ein Logo sollte pr\u00e4gnant sein, es hat einen Wiedererkennungswert, steht als so genanntes Identifikationsmerkmal f\u00fcr das Unternehmen, den Verein, die Privatperson usw.  <\/p>\n\n\n\n<p>F\u00fcr die Erstellung des Logos bietet sich eine Vielzahl an M\u00f6glichkeiten an, wie die folgenden vier Beispiele zeigen.<\/p>\n\n\n\n<div class=\"wp-block-columns has-2-columns is-layout-flex wp-container-core-columns-is-layout-9d6595d7 wp-block-columns-is-layout-flex\">\n<div class=\"wp-block-column is-layout-flow wp-block-column-is-layout-flow\">\n<figure class=\"wp-block-image\"><img loading=\"lazy\" decoding=\"async\" width=\"227\" height=\"227\" src=\"http:\/\/geo-mint-grafik.de\/wp-content\/uploads\/2020\/07\/Mathematik_Bsp.jpg\" alt=\"\" class=\"wp-image-290\" srcset=\"https:\/\/geo-mint-grafik.de\/wp-content\/uploads\/2020\/07\/Mathematik_Bsp.jpg 227w, https:\/\/geo-mint-grafik.de\/wp-content\/uploads\/2020\/07\/Mathematik_Bsp-150x150.jpg 150w, https:\/\/geo-mint-grafik.de\/wp-content\/uploads\/2020\/07\/Mathematik_Bsp-100x100.jpg 100w\" sizes=\"auto, (max-width: 227px) 100vw, 227px\" \/><\/figure>\n\n\n\n<figure class=\"wp-block-image\"><img loading=\"lazy\" decoding=\"async\" width=\"227\" height=\"227\" src=\"http:\/\/geo-mint-grafik.de\/wp-content\/uploads\/2020\/07\/Geologie_Bsp.jpg\" alt=\"\" class=\"wp-image-288\" srcset=\"https:\/\/geo-mint-grafik.de\/wp-content\/uploads\/2020\/07\/Geologie_Bsp.jpg 227w, https:\/\/geo-mint-grafik.de\/wp-content\/uploads\/2020\/07\/Geologie_Bsp-150x150.jpg 150w, https:\/\/geo-mint-grafik.de\/wp-content\/uploads\/2020\/07\/Geologie_Bsp-100x100.jpg 100w\" sizes=\"auto, (max-width: 227px) 100vw, 227px\" \/><\/figure>\n<\/div>\n\n\n\n<div class=\"wp-block-column is-layout-flow wp-block-column-is-layout-flow\">\n<figure class=\"wp-block-image\"><img loading=\"lazy\" decoding=\"async\" width=\"227\" height=\"227\" src=\"http:\/\/geo-mint-grafik.de\/wp-content\/uploads\/2020\/07\/Hafenkneipe_Bsp-1.jpg\" alt=\"\" class=\"wp-image-292\" srcset=\"https:\/\/geo-mint-grafik.de\/wp-content\/uploads\/2020\/07\/Hafenkneipe_Bsp-1.jpg 227w, https:\/\/geo-mint-grafik.de\/wp-content\/uploads\/2020\/07\/Hafenkneipe_Bsp-1-150x150.jpg 150w, https:\/\/geo-mint-grafik.de\/wp-content\/uploads\/2020\/07\/Hafenkneipe_Bsp-1-100x100.jpg 100w\" sizes=\"auto, (max-width: 227px) 100vw, 227px\" \/><\/figure>\n\n\n\n<figure class=\"wp-block-image\"><img loading=\"lazy\" decoding=\"async\" width=\"227\" height=\"227\" src=\"http:\/\/geo-mint-grafik.de\/wp-content\/uploads\/2020\/07\/Geographie_Bsp.jpg\" alt=\"\" class=\"wp-image-287\" srcset=\"https:\/\/geo-mint-grafik.de\/wp-content\/uploads\/2020\/07\/Geographie_Bsp.jpg 227w, https:\/\/geo-mint-grafik.de\/wp-content\/uploads\/2020\/07\/Geographie_Bsp-150x150.jpg 150w, https:\/\/geo-mint-grafik.de\/wp-content\/uploads\/2020\/07\/Geographie_Bsp-100x100.jpg 100w\" sizes=\"auto, (max-width: 227px) 100vw, 227px\" \/><\/figure>\n<\/div>\n<\/div>\n\n\n\n<p>  <\/p>\n","protected":false},"excerpt":{"rendered":"<p>Ein Logo \u2013 der Begriff ist abgeleitet vom griechischen Begriff l\u00f3gos (\u03bb\u03cc\u03b3\u03bf\u03c2) \u2013 ist eine Bildmarke, eine Wortmarke oder eine Kombination daraus (Bild-Wort-Marke), die z. B. ein Unternehmen, einen Verein oder auch eine Privatperson repr\u00e4sentiert. Ein Logo steht f\u00fcr das Corporate Design und ist Teil der Corporate Identity. Ein Logo sollte pr\u00e4gnant sein, es hat &hellip; <\/p>\n<p class=\"link-more\"><a href=\"https:\/\/geo-mint-grafik.de\/?page_id=62\" class=\"more-link\"><span class=\"screen-reader-text\">\u201eLogos\u201c<\/span> weiterlesen<\/a><\/p>\n","protected":false},"author":1,"featured_media":0,"parent":0,"menu_order":0,"comment_status":"closed","ping_status":"closed","template":"","meta":{"footnotes":""},"class_list":["post-62","page","type-page","status-publish","hentry"],"yoast_head":"<!-- This site is optimized with the Yoast SEO plugin v14.5 - https:\/\/yoast.com\/wordpress\/plugins\/seo\/ -->\n<title>Logos - geo-mint-grafik<\/title>\n<meta name=\"robots\" content=\"index, follow\" \/>\n<meta name=\"googlebot\" content=\"index, follow, max-snippet:-1, max-image-preview:large, max-video-preview:-1\" \/>\n<meta name=\"bingbot\" content=\"index, follow, max-snippet:-1, max-image-preview:large, max-video-preview:-1\" \/>\n<link rel=\"canonical\" href=\"http:\/\/geo-mint-grafik.de\/?page_id=62\" \/>\n<meta property=\"og:locale\" content=\"de_DE\" \/>\n<meta property=\"og:type\" content=\"article\" \/>\n<meta property=\"og:title\" content=\"Logos - geo-mint-grafik\" \/>\n<meta property=\"og:description\" content=\"Ein Logo \u2013 der Begriff ist abgeleitet vom griechischen Begriff l\u00f3gos (\u03bb\u03cc\u03b3\u03bf\u03c2) \u2013 ist eine Bildmarke, eine Wortmarke oder eine Kombination daraus (Bild-Wort-Marke), die z. B. ein Unternehmen, einen Verein oder auch eine Privatperson repr\u00e4sentiert. Ein Logo steht f\u00fcr das Corporate Design und ist Teil der Corporate Identity. Ein Logo sollte pr\u00e4gnant sein, es hat &hellip; \u201eLogos\u201c weiterlesen\" \/>\n<meta property=\"og:url\" content=\"http:\/\/geo-mint-grafik.de\/?page_id=62\" \/>\n<meta property=\"og:site_name\" content=\"geo-mint-grafik\" \/>\n<meta property=\"article:modified_time\" content=\"2020-07-02T08:20:22+00:00\" \/>\n<meta property=\"og:image\" content=\"http:\/\/geo-mint-grafik.de\/wp-content\/uploads\/2020\/07\/Mathematik_Bsp.jpg\" \/>\n<meta name=\"twitter:card\" content=\"summary_large_image\" \/>\n<script type=\"application\/ld+json\" class=\"yoast-schema-graph\">{\"@context\":\"https:\/\/schema.org\",\"@graph\":[{\"@type\":\"WebSite\",\"@id\":\"https:\/\/geo-mint-grafik.de\/#website\",\"url\":\"https:\/\/geo-mint-grafik.de\/\",\"name\":\"geo-mint-grafik\",\"description\":\"Der leichtere Weg zur anschaulichen Publikation\",\"potentialAction\":[{\"@type\":\"SearchAction\",\"target\":\"https:\/\/geo-mint-grafik.de\/?s={search_term_string}\",\"query-input\":\"required name=search_term_string\"}],\"inLanguage\":\"de\"},{\"@type\":\"ImageObject\",\"@id\":\"http:\/\/geo-mint-grafik.de\/?page_id=62#primaryimage\",\"inLanguage\":\"de\",\"url\":\"http:\/\/geo-mint-grafik.de\/wp-content\/uploads\/2020\/07\/Mathematik_Bsp.jpg\"},{\"@type\":\"WebPage\",\"@id\":\"http:\/\/geo-mint-grafik.de\/?page_id=62#webpage\",\"url\":\"http:\/\/geo-mint-grafik.de\/?page_id=62\",\"name\":\"Logos - geo-mint-grafik\",\"isPartOf\":{\"@id\":\"https:\/\/geo-mint-grafik.de\/#website\"},\"primaryImageOfPage\":{\"@id\":\"http:\/\/geo-mint-grafik.de\/?page_id=62#primaryimage\"},\"datePublished\":\"2020-07-01T09:00:22+00:00\",\"dateModified\":\"2020-07-02T08:20:22+00:00\",\"inLanguage\":\"de\",\"potentialAction\":[{\"@type\":\"ReadAction\",\"target\":[\"http:\/\/geo-mint-grafik.de\/?page_id=62\"]}]}]}<\/script>\n<!-- \/ Yoast SEO plugin. -->","_links":{"self":[{"href":"https:\/\/geo-mint-grafik.de\/index.php?rest_route=\/wp\/v2\/pages\/62","targetHints":{"allow":["GET"]}}],"collection":[{"href":"https:\/\/geo-mint-grafik.de\/index.php?rest_route=\/wp\/v2\/pages"}],"about":[{"href":"https:\/\/geo-mint-grafik.de\/index.php?rest_route=\/wp\/v2\/types\/page"}],"author":[{"embeddable":true,"href":"https:\/\/geo-mint-grafik.de\/index.php?rest_route=\/wp\/v2\/users\/1"}],"replies":[{"embeddable":true,"href":"https:\/\/geo-mint-grafik.de\/index.php?rest_route=%2Fwp%2Fv2%2Fcomments&post=62"}],"version-history":[{"count":4,"href":"https:\/\/geo-mint-grafik.de\/index.php?rest_route=\/wp\/v2\/pages\/62\/revisions"}],"predecessor-version":[{"id":386,"href":"https:\/\/geo-mint-grafik.de\/index.php?rest_route=\/wp\/v2\/pages\/62\/revisions\/386"}],"wp:attachment":[{"href":"https:\/\/geo-mint-grafik.de\/index.php?rest_route=%2Fwp%2Fv2%2Fmedia&parent=62"}],"curies":[{"name":"wp","href":"https:\/\/api.w.org\/{rel}","templated":true}]}}