{"id":30,"date":"2020-07-01T08:53:00","date_gmt":"2020-07-01T08:53:00","guid":{"rendered":"http:\/\/geo-mint-grafik.de\/?page_id=30"},"modified":"2025-09-07T11:04:35","modified_gmt":"2025-09-07T11:04:35","slug":"preisgestaltung","status":"publish","type":"page","link":"https:\/\/geo-mint-grafik.de\/?page_id=30","title":{"rendered":"Preisgestaltung"},"content":{"rendered":"\n<p>Der Preis f\u00fcr die einzelne Grafik wird nicht \u00fcber einen Stundenlohn berechnet \u2013 wer langsam arbeitet, darf daf\u00fcr nicht h\u00f6here Kosten in Rechnung stellen!<\/p>\n\n\n\n<p>Vielmehr richtet sich der jeweilige Preis nach der Komplexit\u00e4t der Grafik. Ein einfaches Logo oder Piktogramm, das sich nur aus wenigen Elementen zusammensetzt, erfordert zum Beispiel einen deutlich geringeren Aufwand als eine komplexe Grafik wie eine Karte. Je komplexer also die Grafik, desto h\u00f6her ist in der Regel der Preis.<\/p>\n\n\n\n<p>F\u00fcr jede\nGrafik wird mit dem Auftraggeber ein Pauschalpreis vereinbart, der einen\nkostenlosen Korrekturgang enth\u00e4lt.<\/p>\n\n\n\n<p>Der Auftraggeber liefert f\u00fcr die Erstellung der Grafik klare Vorgaben (vgl. <a href=\"http:\/\/geo-mint-grafik.de\/?page_id=130\">hier<\/a>), z. B. durch eine Vorlage, in der die gew\u00fcnschten Informationen enthalten bzw. eingezeichnet sind. Je differenzierter die Vorgaben, desto einfacher ist die Erstellung der Grafik und desto kosteng\u00fcnstiger kann diese erstellt werden.<\/p>\n\n\n\n<p>Auszubildende,\nStudierende und Doktoranden erhalten bei Vorlage eines Nachweises einen Preisnachlass\nvon bis zu 15 %.<\/p>\n\n\n\n<p>Zur Vereinfachung des Abrechnungsverfahrens ist auch eine Mischkalkulation f\u00fcr den Preis einer jeder Grafik denkbar, sodass alle erstellten Grafiken zum selben Preis abgerechnet werden.<\/p>\n\n\n\n<p>Auch bei umfangreicheren Auftr\u00e4gen (5 Grafiken und mehr) wird in Absprache zwischen Auftraggeber und Auftragnehmer ein Rabatt vereinbart.<\/p>\n\n\n\n<p>Insbesondere, wenn Auftraggeber und Auftragnehmer einander noch nicht bekannt sind, werden alle f\u00fcr einen Auftrag erforderlichen Absprachen (aus rechtlichen Gr\u00fcnden) schriftlich in einer Vereinbarung festgehalten. Der Ablauf ist dann folgender:<\/p>\n\n\n\n<ul class=\"wp-block-list\">\n<li>Der Interessent richtet eine Anfrage.<\/li>\n\n\n\n<li><strong>geo-mint-grafik<\/strong> bittet um Informationen f\u00fcr die unverbindliche Erstellung einer Kosten\u00fcbersicht.<\/li>\n\n\n\n<li><strong>geo-mint-grafik<\/strong> erstellt diesen Kostenentwurf und f\u00fcgt einen Entwurf f\u00fcr die Vereinbarung bei.<\/li>\n\n\n\n<li>Die Vereinbarungen zwischen Auftraggeber und Auftragnehmer werden fixiert.<\/li>\n\n\n\n<li>Der Interessent bittet um \u00dcbernahme des Auftrags, wird zum Auftraggeber.<\/li>\n\n\n\n<li><strong>geo-mint-grafik<\/strong> erstellt auf Wunsch die Grafiken.<\/li>\n<\/ul>\n","protected":false},"excerpt":{"rendered":"<p>Der Preis f\u00fcr die einzelne Grafik wird nicht \u00fcber einen Stundenlohn berechnet \u2013 wer langsam arbeitet, darf daf\u00fcr nicht h\u00f6here Kosten in Rechnung stellen! Vielmehr richtet sich der jeweilige Preis nach der Komplexit\u00e4t der Grafik. Ein einfaches Logo oder Piktogramm, das sich nur aus wenigen Elementen zusammensetzt, erfordert zum Beispiel einen deutlich geringeren Aufwand als &hellip; <\/p>\n<p class=\"link-more\"><a href=\"https:\/\/geo-mint-grafik.de\/?page_id=30\" class=\"more-link\"><span class=\"screen-reader-text\">\u201ePreisgestaltung\u201c<\/span> weiterlesen<\/a><\/p>\n","protected":false},"author":1,"featured_media":0,"parent":0,"menu_order":0,"comment_status":"closed","ping_status":"closed","template":"","meta":{"footnotes":""},"class_list":["post-30","page","type-page","status-publish","hentry"],"yoast_head":"<!-- This site is optimized with the Yoast SEO plugin v14.5 - https:\/\/yoast.com\/wordpress\/plugins\/seo\/ -->\n<title>Preisgestaltung - geo-mint-grafik<\/title>\n<meta name=\"robots\" content=\"index, follow\" \/>\n<meta name=\"googlebot\" content=\"index, follow, max-snippet:-1, max-image-preview:large, max-video-preview:-1\" \/>\n<meta name=\"bingbot\" content=\"index, follow, max-snippet:-1, max-image-preview:large, max-video-preview:-1\" \/>\n<link rel=\"canonical\" href=\"https:\/\/geo-mint-grafik.de\/?page_id=30\" \/>\n<meta property=\"og:locale\" content=\"de_DE\" \/>\n<meta property=\"og:type\" content=\"article\" \/>\n<meta property=\"og:title\" content=\"Preisgestaltung - geo-mint-grafik\" \/>\n<meta property=\"og:description\" content=\"Der Preis f\u00fcr die einzelne Grafik wird nicht \u00fcber einen Stundenlohn berechnet \u2013 wer langsam arbeitet, darf daf\u00fcr nicht h\u00f6here Kosten in Rechnung stellen! Vielmehr richtet sich der jeweilige Preis nach der Komplexit\u00e4t der Grafik. Ein einfaches Logo oder Piktogramm, das sich nur aus wenigen Elementen zusammensetzt, erfordert zum Beispiel einen deutlich geringeren Aufwand als &hellip; \u201ePreisgestaltung\u201c weiterlesen\" \/>\n<meta property=\"og:url\" content=\"https:\/\/geo-mint-grafik.de\/?page_id=30\" \/>\n<meta property=\"og:site_name\" content=\"geo-mint-grafik\" \/>\n<meta property=\"article:modified_time\" content=\"2025-09-07T11:04:35+00:00\" \/>\n<meta name=\"twitter:card\" content=\"summary_large_image\" \/>\n<script type=\"application\/ld+json\" class=\"yoast-schema-graph\">{\"@context\":\"https:\/\/schema.org\",\"@graph\":[{\"@type\":\"WebSite\",\"@id\":\"https:\/\/geo-mint-grafik.de\/#website\",\"url\":\"https:\/\/geo-mint-grafik.de\/\",\"name\":\"geo-mint-grafik\",\"description\":\"Der leichtere Weg zur anschaulichen Publikation\",\"potentialAction\":[{\"@type\":\"SearchAction\",\"target\":\"https:\/\/geo-mint-grafik.de\/?s={search_term_string}\",\"query-input\":\"required name=search_term_string\"}],\"inLanguage\":\"de\"},{\"@type\":\"WebPage\",\"@id\":\"https:\/\/geo-mint-grafik.de\/?page_id=30#webpage\",\"url\":\"https:\/\/geo-mint-grafik.de\/?page_id=30\",\"name\":\"Preisgestaltung - geo-mint-grafik\",\"isPartOf\":{\"@id\":\"https:\/\/geo-mint-grafik.de\/#website\"},\"datePublished\":\"2020-07-01T08:53:00+00:00\",\"dateModified\":\"2025-09-07T11:04:35+00:00\",\"inLanguage\":\"de\",\"potentialAction\":[{\"@type\":\"ReadAction\",\"target\":[\"https:\/\/geo-mint-grafik.de\/?page_id=30\"]}]}]}<\/script>\n<!-- \/ Yoast SEO plugin. -->","_links":{"self":[{"href":"https:\/\/geo-mint-grafik.de\/index.php?rest_route=\/wp\/v2\/pages\/30","targetHints":{"allow":["GET"]}}],"collection":[{"href":"https:\/\/geo-mint-grafik.de\/index.php?rest_route=\/wp\/v2\/pages"}],"about":[{"href":"https:\/\/geo-mint-grafik.de\/index.php?rest_route=\/wp\/v2\/types\/page"}],"author":[{"embeddable":true,"href":"https:\/\/geo-mint-grafik.de\/index.php?rest_route=\/wp\/v2\/users\/1"}],"replies":[{"embeddable":true,"href":"https:\/\/geo-mint-grafik.de\/index.php?rest_route=%2Fwp%2Fv2%2Fcomments&post=30"}],"version-history":[{"count":7,"href":"https:\/\/geo-mint-grafik.de\/index.php?rest_route=\/wp\/v2\/pages\/30\/revisions"}],"predecessor-version":[{"id":563,"href":"https:\/\/geo-mint-grafik.de\/index.php?rest_route=\/wp\/v2\/pages\/30\/revisions\/563"}],"wp:attachment":[{"href":"https:\/\/geo-mint-grafik.de\/index.php?rest_route=%2Fwp%2Fv2%2Fmedia&parent=30"}],"curies":[{"name":"wp","href":"https:\/\/api.w.org\/{rel}","templated":true}]}}